**2 - 29*i + 106. Let k be g(21). Calculate the highest common divisor of 20 and k.
20
Let r = 18 + -14. Let b be (-195)/(-2) + (3 + 21/3)/4. What is the highest common divisor of r and b?
4
Let r(n) = 14*n**2 - 5*n + 4. Let w be r(-2). Suppose -107 = -5*k + 43. Calculate the greatest common factor of k and w.
10
Let o(c) = 106*c + 3359. Let t be o(37). Calculate the greatest common divisor of 9 and t.
9
Suppose -12*y + 15*y = 0. Suppose -9*h + 1277 + 622 = y. Let p = h - 103. What is the highest common factor of p and 12?
12
Let k = -63 + 52. Let l = 1 + -1. Let v = l - k. What is the greatest common divisor of 55 and v?
11
Let s be 4676/252*(381 - -6). What is the greatest common factor of 43 and s?
43
Suppose 0 = d - 68 - 82. Suppose -3*u + d = -0*u. Let o be ((-1155)/28)/(12/(-160)). Calculate the greatest common factor of o and u.
50
Suppose -40*a + 38*a = -6. Let w(u) = -u**2 - 9*u - 8. Let q be w(-8). Suppose -11*c + 5*c + 72 = q. What is the highest common divisor of a and c?
3
Let a(x) = 143*x - 2256. Let y be a(16). What is the greatest common divisor of 1008 and y?
16
Let x = 60 - 51. Suppose -17 = 3*b - 26. Suppose 5 = b*j - 4. Calculate the highest common divisor of j and x.
3
Suppose 20*o = -6 + 46. Let n(b) = 28*b**3 - 2*b - 3. Let u be n(o). Calculate the highest common factor of u and 31.
31
Suppose 0 = 4*a + a - 70. Let n = 341 - 271. Calculate the greatest common divisor of a and n.
14
Let d(h) = -6*h**3 + h**2 + 2*h - 3. Let n be d(1). Let v(a) = -a**2 - 5*a + 19. Let u be v(n). What is the greatest common factor of u and 65?
13
Let u be (-782)/(-5) - ((-76)/(-57) + (-14)/15). Calculate the greatest common divisor of u and 102.
6
Suppose 5*l + 6 = -j + 27, -143 = -3*j + l. Let q = 1259 + -431. Let c be (-26)/39*q/(-8). Calculate the highest common factor of c and j.
23
Let o = -252 - -257. Suppose 3*w + 6 = o*x + 12, 0 = -4*w + 4*x + 16. Calculate the greatest common factor of w and 119.
7
Let y be (6 + 565 - -3)*2/4. What is the highest common factor of y and 91?
7
Let k be 18/(-12) - 7/(-2). Let s be (-35)/k*360/(-21). Calculate the greatest common divisor of 75 and s.
75
Let j(t) = 4*t + 36. Let z be j(-5). Suppose -2*o + z = -6. Let b(d) = -d**2 + 7*d + 54. Let h be b(o). Calculate the greatest common factor of h and 50.
10
Let q(b) = 1726*b + 37. Let p be q(4). Suppose p + 1711 = 12*m. What is the greatest common factor of 7 and m?
7
Let r(j) = j**3 - 3*j**2 - 3*j - 5. Let m be r(5). Suppose -4*k - 1013 + 165 = -w, 4196 = 5*w + 2*k. What is the highest common factor of m and w?
30
Let j = 31727 - 31704. What is the highest common divisor of j and 79511?
23
Let k(o) = 8*o - 59. Let z be k(8). Suppose 0 = 2*h - 10, u + h = -3*h + 48. Suppose u + 142 = 2*c. Calculate the highest common divisor of z and c.
5
Let y(p) = -303*p - 33. Let v(u) = -101*u - 11. Let k(s) = 7*v(s) - 2*y(s). Let d be k(-1). What is the highest common factor of d and 54?
18
Let a(t) = -1313*t - 1800. Let z be a(-2). Calculate the highest common divisor of 350 and z.
14
Let m(o) = o**2 - 6*o + 10. Suppose -2*b = -4 - 4. Let j be m(b). Let t be 10/8 + 132/48. What is the highest common factor of t and j?
2
Let t be 4/((-160)/15)*(-3 - -1)*4. Calculate the greatest common divisor of t and 912.
3
Suppose -23*k - 17*k = -53*k + 75101. Calculate the highest common divisor of 53 and k.
53
Let n be (-6)/((-33)/133 - (-2)/14). What is the greatest common factor of n and 11001?
57
Suppose -w = -5*b + 25, w = b - 15 + 6. Suppose -420 = -b*j - 3*p - p, 3*j = -5*p + 315. Calculate the highest common factor of 120 and j.
15
Let k be (((-1)/(-9))/(2/6))/((-140)/(-17220)). Suppose -3*i + 41 = -2*i. Calculate the greatest common factor of i and k.
41
Suppose -4*t - 14 = -18. Let l be (-6 - (-3 + t)) + 247 + 2. What is the greatest common factor of 5 and l?
5
Let i(o) = -7*o - 88. Let p be i(-13). Let l be (p/(-4))/((-67)/6432). What is the highest common factor of 8 and l?
8
Let z(s) = 36*s - 24. Let i(b) = -2*b - 1. Let p(o) = 16*i(o) - z(o). Let u be p(-2). Calculate the greatest common divisor of u and 16.
16
Let v be ((-5)/2)/((-940)/397056). Calculate the highest common factor of v and 748.
44
Suppose -5*n - o + 13774 = 0, -4*n + 2*o + 1320 = -9716. Calculate the greatest common factor of n and 52.
52
Let b = 137 + -141. Let a(u) = u**3 + 7*u**2 + 7*u + 2. Let s be a(b). Calculate the highest common divisor of s and 550.
22
Suppose -4*l - 5*t - 1 + 11 = 0, 5*l + 3*t = 19. Let j(r) = r**3 - 4*r**2 + 10*r + 13. Let m be j(l). What is the highest common factor of m and 132?
44
Let q = 77 - 37. Suppose 3*c - 25 = -2*c - 5*n, 2*c - 12 = -3*n. Let m be (c/(-3) - -5)*4. What is the highest common divisor of m and q?
8
Suppose 5377*j - 5380*j = -9246. Calculate the highest common factor of 46 and j.
46
Suppose 3*a - 7*a = 8. Let m be (-3 - -20 - a) + 6. Calculate the highest common factor of 75 and m.
25
Let n = -3802 - -3989. Calculate the greatest common factor of n and 51.
17
Let i be 82/21 - (1336/84 + -16). Let l be -184*(14/i - 5). Calculate the greatest common divisor of l and 60.
12
Let j(o) = -o**3 - 55*o**2 - 736*o + 55. Let p be j(-32). Calculate the greatest common divisor of p and 19415.
55
Suppose 16*u + 15 = q + 13*u, -2*u = 5*q - 7. Suppose q*c - 4*h = 16, 0 = -32*c + 30*c - 2*h + 34. Calculate the highest common factor of 228 and c.
12
Let l = -167056 - -168241. Suppose d - t - 15 = 0, 4*d - t - 22 = 38. What is the highest common divisor of l and d?
15
Let p(w) = -w**2 - 2*w + 3. Suppose 13 = 2*q + 19. Let v be p(q). Let m be 15*3/9 - v. Calculate the greatest common factor of m and 2.
1
Suppose 0 = -4*g + 12, 0 = -4*k + 2*g + 2*g + 2292. Suppose k = -2*r + 11*r. What is the highest common divisor of 1088 and r?
64
Let i(w) = -14*w - 142. Let p be i(0). Let m = 143 + p. Calculate the greatest common factor of 8 and m.
1
Suppose 0*r = 4*r + 5*q + 16, -3*r + 15 = -3*q. Let h = 120 - 174. Let c = 61 + h. Calculate the greatest common divisor of c and r.
1
Let r = 693 + -789. Let m be 1/(-3) + (-10784)/r + -1. What is the greatest common divisor of 259 and m?
37
Let y be 5/((-133)/(-1254)*60/56). Calculate the greatest common factor of y and 1804.
44
Suppose -4*v + 4*m = -80, 3*m + 34 = 2*v - 0*m. What is the greatest common factor of 5 and v?
1
Suppose 3*x + 4*z = 4, 5*x = 7*z - 2*z + 65. Suppose -46 = -5*u - 6. Suppose 16 = o + u. What is the greatest common factor of x and o?
8
Let q be 51 + 199408/154 + (-6)/7. Calculate the highest common divisor of 5 and q.
5
Suppose -2*a + 2412 = -4*b, a - 1892 = -2*b - 678. What is the highest common divisor of 770 and a?
110
Suppose 65*r - 73*r = -32. Suppose -6 = 3*l, -2*v + r*v - 44 = -4*l. What is the greatest common divisor of v and 2?
2
Let r be (111/(-15) + 9)*(-10)/4. Let w be (-16)/(96/(-207))*r/(-3). Calculate the highest common divisor of 138 and w.
46
Let w be -65*(6/15 - ((-192)/(-5) - 5)). Calculate the greatest common divisor of w and 3120.
195
Let z(d) = d**2 - 5*d - 3. Let y be z(-2). Let j(a) = -14*a - a**2 - 43 + 24 + 15 + 24. Let c be j(-12). What is the greatest common factor of c and y?
11
Let x = -1161 - -1666. Let d = x + -491. Suppose 0 = -3*y + 92 + 76. Calculate the greatest common divisor of d and y.
14
Let g = 45 - 35. Suppose x + g - 20 = 0. Suppose w + c = x, 0*w = 5*w + 2*c - 41. Calculate the greatest common factor of 14 and w.
7
Let f be -33*7*1944/(-1701). Calculate the greatest common factor of 1656 and f.
24
Let m be (-6)/((-28)/(-70) - (-86)/(-140)). Let c be (-12)/(-18)*(4 + -1). Let o be (42/(-15))/(c/(-30)). Calculate the greatest common factor of o and m.
14
Let o = -5789 + 5956. What is the highest common factor of 21877 and o?
167
Let z be (-3)/9 - (-10)/3. Suppose 241 = -z*g + 2*l, -l + 0*l + 5 = 0. Let y = -57 - g. What is the greatest common factor of y and 5?
5
Let t(x) = -x**3 + x + 39. Let g be t(0). Let n(d) = -4*d - 53. Let v be n(-23). What is the greatest common factor of g and v?
39
Suppose 10*p = 4*p - p. Suppose -2*a + 232 = -p*a - 4*r, -a + 114 = -4*r. Let k = 214 - a. What is the greatest common factor of 12 and k?
12
Let s(w) = -17*w**3 + 3*w**2 - 5. Let v be s(-2). What is the greatest common divisor of 299 and v?
13
Suppose -142 = -5*u + 198. Suppo